- 1. Let g be s(-4). Calculate the highest common factor of n and g.
3
Suppose -u + 24 = -4. Let a = -78 + 81. Suppose 2*z = -6, 0 = -j + a*z + z + 54. Calculate the greatest common factor of j and u.
14
Let h(b) = 37*b - 247. Let f be h(15). Calculate the greatest common factor of 44 and f.
44
Let d = -12 - -14. Suppose d*r = c + r - 4, -2*r = c - 16. Suppose 4*o - 5*p = 27, -c = 3*p + 1. Calculate the greatest common divisor of 27 and o.
3
Let v(w) = 2*w**2 - 4*w + 17. Let q be v(3). Calculate the greatest common factor of q and 184.
23
Let t be (122/(-4))/((-2)/(-4)). Suppose -f + 3*c - 203 = -3*f, 5*c + 163 = 2*f. Let q = t + f. What is the greatest common factor of 22 and q?
11
Let w(g) = g**3 - 11*g**2 + 7*g - 32. Let o be w(11). Calculate the highest common divisor of 36 and o.
9
Let z = 8 + 61. Suppose 2*j - 5*j = -12. Suppose -224 + 65 = -4*d + 5*l, -2*l = j*d - 194. What is the highest common divisor of z and d?
23
Suppose 2*t + 12 = -4. Let i = 5 - t. Suppose 2*v + 3*k = 11, 0*k = 2*v - 3*k - 41. What is the greatest common factor of v and i?
13
Let i = 40 - 26. Let c = i + -7. Let o(w) = 5*w**2 + 5*w + 3. Let j be o(-4). What is the highest common factor of c and j?
7
Suppose 577*m + 126 = 580*m. Calculate the greatest common divisor of 24 and m.
6
Let k(g) = -g + 5. Let u be k(5). Let w = 5 - u. Let j = 25 + w. What is the highest common factor of j and 6?
6
Let i = 25 + -25. Suppose 5*t + 10 - 35 = i. Suppose j - g + 8 = -3*g, -5*j - t*g - 15 = 0. What is the greatest common divisor of j and 6?
2
Let g(q) = 50*q - 23. Let r be g(10). Calculate the highest common factor of r and 106.
53
Suppose 3*f = p + 8, 3*f - 2*p - 4 = -0*p. Suppose -19 - 25 = -f*b. What is the highest common factor of b and 77?
11
Let a(t) = t**3 + 4*t**2 - 9*t - 4. Let s be a(-5). What is the highest common divisor of 56 and s?
8
Let b = -14 - -36. Let q(x) = -x**2 - 43*x - 190. Let p be q(-38). Suppose p = -5*v + 48 + b. What is the greatest common divisor of 7 and v?
7
Let z = 1646 - 924. What is the highest common factor of z and 38?
38
Suppose 45*l - 2120 = 5*l. Calculate the greatest common factor of l and 901.
53
Let v be 0 + ((-402)/(-4) - 14/28). What is the highest common factor of 50 and v?
50
Suppose 5*o - 78 = -3. Let c = 14 - o. Let n be c/3 + (-215)/(-15). Calculate the greatest common factor of n and 35.
7
Suppose 0 = -y + 2*q + 60, 0 = 4*y + 6*q - 4*q - 240. Suppose 4 = u - 0. Let m = u - -11. What is the greatest common factor of m and y?
15
Let l(r) = 2*r**2 + 19*r - 61. Let d be l(-13). Let m(a) = -a + 6. Let g be m(0). Calculate the highest common factor of g and d.
6
Suppose -x = 5*t - 674, -166 - 236 = -3*t - 3*x. Suppose -2*g + 5 = -t. What is the greatest common factor of 20 and g?
10
Let p(x) = x**3 + 12*x**2 + 8*x - 13. Let m be p(-11). Suppose 0 = -r + 5*r - m. Calculate the highest common divisor of 55 and r.
5
Let t be (6/(-5))/(-4*(-7)/(-70)). Let p = -5 - -29. Calculate the greatest common divisor of p and t.
3
Let n be 565/10 + 2/(-4). Let v = 163 + -155. What is the highest common factor of v and n?
8
Suppose t + 5*m - 921 = 0, 53*m = 5*t + 51*m - 4470. What is the greatest common factor of 28 and t?
28
Suppose -10*p + 5*q + 3670 = 0, -10*p + 11*p = 2*q + 361. Calculate the highest common factor of p and 18.
9
Suppose 5*g - 216 = -81. Calculate the highest common divisor of g and 432.
27
Suppose -4*y + 0*m + m = -18, 3*y - 7 = 4*m. Suppose -s = 5*f + 6 - 0, 4*s - y*f = 26. What is the greatest common divisor of s and 6?
2
Suppose -2*z = 4*q + 10, z - 5*q = -0*z + 23. Let b be z*(3/(-9) + 2). Calculate the greatest common divisor of b and 45.
5
Let f(b) = b**2 - 3*b + 2. Let y be f(2). Let d be 0 + 1/4 - 93/4. Let u be ((y - 1) + 0)*d. Calculate the greatest common divisor of u and 207.
23
Suppose 0 = -3*l - 3*l + 6. Let r be 146 - (l/(-5) - (-32)/10). What is the greatest common factor of r and 13?
13
Suppose 4*b = 3*k - 554, -96*b + 101*b = 20. What is the highest common factor of 10 and k?
10
Suppose 28*i - 16413 + 2889 = 0. Calculate the highest common divisor of 207 and i.
69
Suppose 5*m - 5 = 0, 2*h - 31 + 12 = 3*m. Let a = -156 + 277. Calculate the greatest common divisor of h and a.
11
Let j(a) = a**3 - 9*a**2 + 10*a - 11. Let c be j(8). Suppose -32 = -2*f + 2*h, c*h + 37 = 2*f + 2*h. What is the greatest common divisor of 88 and f?
11
Let p(g) = -g**3 - 11*g**2 - 17*g - 18. Let u be p(-10). What is the highest common divisor of u and 39?
13
Suppose 0 = -2*m - 3*m + 300. Suppose 97*a - 15 = 96*a. What is the highest common divisor of a and m?
15
Suppose 3*h - 531 = a, 0*a = -4*h + 4*a + 716. Suppose -2*v + 92 = 48. What is the greatest common divisor of v and h?
22
Suppose -733 = -3*j + 299. Suppose -j = -9*i - 92. What is the highest common divisor of 4 and i?
4
Suppose 11*w = g + 13*w - 14, -2*g = 5*w - 22. Let l be 0 + 180 - (-4 + 2). What is the greatest common divisor of g and l?
26
Let l(d) = 2*d - 8. Let x be l(7). Let r(o) = o**3 - 6*o**2 - o + 7. Let f be r(x). Let v be -1 + 2 - (-9)/f. Calculate the highest common factor of v and 15.
5
Let a = -210 - -216. What is the greatest common divisor of a and 114?
6
Let x = 4 + 4. Suppose -3*g - 2*g + 92 = 2*l, 0 = -2*g + x. Calculate the highest common divisor of l and 24.
12
Suppose 4 = y + y, 10 = -2*s + 5*y. Suppose 4*l + 3*w + 0*w - 2171 = 0, 3*l + w - 1622 = s. Calculate the highest common divisor of l and 49.
49
Let q = 11 + -4. Let t(g) = -205*g + 4. Let a(p) = -68*p + 1. Let j(o) = q*a(o) - 2*t(o). Let x be j(-1). Calculate the highest common factor of 26 and x.
13
Suppose -3*q + 16 + 50 = 0. Let o(n) = 10*n - 2 - 19*n - 11*n. Let w be o(-10). What is the greatest common divisor of w and q?
22
Let u = 24 + 24. Let y(o) = 14*o**3 + o**2 + 4. Let k be y(2). Calculate the greatest common divisor of u and k.
24
Let w(d) = d**3 + 24*d**2 + 36*d + 77. Let a be w(-22). Calculate the highest common divisor of a and 11.
11
Let q = -46 - -64. Let u = -148 - 16. Let n be (1 - u) + (11 - 14). Calculate the greatest common factor of n and q.
18
Let i(q) = 3*q**2 - 5*q - 8. Let o be i(8). Suppose 0 = 4*g + g - 90. What is the highest common divisor of o and g?
18
Let z = -129 - -181. Let o = z - 32. Calculate the highest common divisor of 160 and o.
20
Let l be ((-108)/24)/(2/(-8)). Let m = 15 - l. Let b be (2/(-2))/(m/255). Calculate the greatest common factor of 17 and b.
17
Let r be (-9)/((-270)/1084) + 12/(-90). Calculate the greatest common divisor of 396 and r.
36
Let g be (-265)/10 + (-4)/(-8). Let a = g - -11. Let q = a - -24. Calculate the highest common divisor of 45 and q.
9
Suppose 282 + 266 = -4*l. Let r = -119 - l. Calculate the greatest common divisor of 234 and r.
18
Suppose 0 = -30*a + 558 - 78. Calculate the highest common divisor of a and 268.
4
Let y(f) = f**3 - 10*f**2 + 2. Let g be y(10). Suppose -66 = g*p - 5*p. What is the greatest common divisor of p and 33?
11
Suppose 18 = p - 5*t + 2, 2*t = -4*p - 2. Let d(g) = 96*g + 4. Let f be d(p). Calculate the highest common factor of 50 and f.
50
Let w(d) = d - 6. Let b be w(10). Suppose -m + 39 = 5*n, -4*n - 281 = -b*m + n. What is the highest common factor of m and 8?
8
Let v be 19/(-133) - (-1)/7. Suppose -3*j + 6 + 3 = 0, q - 3*j - 3 = v. What is the highest common divisor of 84 and q?
12
Let f = 42 + -22. Suppose -4*k = -11 - 5, 3*k = 5*a + 1027. Let j be 3 - (2 + 4) - a. Calculate the highest common factor of j and f.
20
Suppose -97*s = -101*s - 3*t + 30, -4*t + 2 = -s. What is the highest common divisor of 930 and s?
6
Suppose 5*o - 123 = 167. Let i = o + -40. What is the greatest common divisor of 2 and i?
2
Suppose 0 = 4*s + f + 183, -5*f - 13 = 2. Let c be -2*(2 + s/10). What is the greatest common divisor of 65 and c?
5
Suppose 11*f + 17*f = 224. Let x(j) = 2*j**3 - 4*j - 2. Let s be x(3). What is the greatest common divisor of f and s?
8
Suppose -227 = -5*j - 142. Let t be (-72)/(-4)*17/2. What is the highest common factor of j and t?
17
Suppose f + 4*s = -0*s + 1772, 2*s = -f + 1780. What is the greatest common divisor of f and 12?
12
Suppose v - 5*m = -20, -2*v = -m + 6*m - 35. Suppose v*c + s - 70 = 2*c, 2*s = -4*c + 92. What is the greatest common factor of c and 120?
24
Let n(o) = -4 